
Let r be (-3)/(((-75)/1580)/5). Suppose 3*p = 7*p - r. What are the prime factors of p?
79
Let b = 19 - 12. Suppose 0 = -7*r + b + 7. Let d = 9 - r. What are the prime factors of d?
7
Let i = 30 + -28. Suppose 3*n - 33 = -i*k - 10, -8 = -4*n + 3*k. Suppose -3*q + 7*q = -z + 56, -2*z - n = -q. List the prime factors of q.
13
List the prime factors of 1/(5 + 7020/(-1405)).
281
Suppose 0 = -0*m - 3*m - 9, m + 367 = 4*g. Suppose g + 34 = 5*z. List the prime factors of z.
5
List the prime factors of 2*7/42*4527.
3, 503
Let a = -11 + 13. Suppose f + 111 = 2*x, 5*x - a*f = -116 + 392. List the prime factors of x.
2, 3
Let l = 17 - 5. Suppose 0 = -4*y + 20, 2*b + 2*y = l + 242. What are the prime factors of b?
2, 61
Let u = -171 - -251. Let k = 298 - u. List the prime factors of k.
2, 109
Let y(i) = -i**2 + 14*i + 18. Let n = -59 - -32. Let p be (-36)/n*(-42)/(-4). What are the prime factors of y(p)?
2, 3
Suppose 16 + 30 = 2*x. List the prime factors of x.
23
Let z be 48 + 0*(-1)/4. Suppose -4*o - 4 = -z. List the prime factors of o.
11
Suppose -4*g + 51 + 69 = 0. Suppose -34 = 3*i + 5*t, 0 = -4*i - t + 2*t - g. List the prime factors of (-30)/i + 1/4.
2
List the prime factors of (-6297)/9*48/(-16).
2099
Let g be 39/6*(4 + -2). Let j(f) = 2*f**2 - 19*f - 1. What are the prime factors of j(g)?
2, 3, 5
Let d(r) be the third derivative of r**4/4 - 5*r**3/6 - r**2. Let s be -1 + 6/2 - -3. What are the prime factors of d(s)?
5
Let i(b) = 20*b + 3. Let s be i(3). Suppose 0 = 2*x + 3*v + 10, -v + 3*v = 5*x + s. Let w = x - -16. List the prime factors of w.
5
Let s(q) = q + 1. Let i be s(4). Let h(c) be the first derivative of -c**3/3 + 8*c**2 - 5*c - 2. List the prime factors of h(i).
2, 5
Let n = 44 - -166. List the prime factors of n.
2, 3, 5, 7
Suppose 15*u + 20 = 20*u. Suppose -u*y + 32 = -28. What are the prime factors of y?
3, 5
Suppose n - 215 = -4*i - 0*i, 2*n + 2*i = 454. What are the prime factors of n?
3, 7, 11
Let m = -30 - -15. Let s = -12 - m. What are the prime factors of s?
3
Let b(c) = 2*c**2 + 84*c + 10. What are the prime factors of b(-50)?
2, 3, 5
Let d(m) = 6*m - 83. List the prime factors of d(26).
73
Let p(o) be the third derivative of -1/12*o**4 + 1/2*o**3 + 1/120*o**6 + 0*o - o**2 + 0 - 1/15*o**5. List the prime factors of p(5).
2, 3
Let m = -1441 + 2619. What are the prime factors of m?
2, 19, 31
Let c = 60 + -22. Let g = c + -35. Suppose -5*d = 2*k - 4*k - 164, -5*d + 166 = -g*k. What are the prime factors of d?
2
Suppose -5*b + 4*r - 2*r + 37 = 0, -3*b = 5*r - 16. What are the prime factors of (b + -8)/((-2)/94)?
47
Let d(k) = -2*k**2 - 15*k + 3. Let w be d(-7). Suppose 0 = w*r - 9*r - 2. Suppose 2*g = -r*j + 88, -4*j + 2*j = 5*g - 76. List the prime factors of j.
2, 3
Suppose 16*w = 3*z + 11*w - 2122, -4*w - 1418 = -2*z. List the prime factors of z.
3, 233
Suppose 0 = -5*g + 13*g - 3512. Suppose -4*o + o = 4*n - g, -5*n = o - 557. What are the prime factors of n?
2, 7
Suppose -10*p + p = -36. Suppose -2*n + 450 = p*n. What are the prime factors of n?
3, 5
Let m(f) = f**2 + 8*f - 7. Let t be m(-5). Let i be t/(-6) - 2/3. Suppose 0 = -i*a + 2*l - 23 + 176, 5*a + 4*l - 277 = 0. List the prime factors of a.
53
Let z(k) = -36*k + 82. List the prime factors of z(-15).
2, 311
Suppose f - 1125 - 456 = -4*z, 0 = -4*z - 4*f + 1596. What are the prime factors of z?
2, 197
Suppose 0 = -4*m + m - 195. What are the prime factors of 21 - 17 - (m + 1)?
2, 17
Suppose 2*q = 2*i + 452, 842 = 4*q - i - 56. List the prime factors of q.
2, 7
Let v = -50 + 59. Suppose -v*s = -924 - 894. List the prime factors of s.
2, 101
Let f(r) = -r**2 - 11*r + 23. Let i be f(-10). Suppose 0 = 2*w - 2*k + 5*k - 12, -4*k + 16 = -w. Suppose -i = -o - w*o. What are the prime factors of o?
3, 11
Let t = 4063 + -2475. List the prime factors of t.
2, 397
Suppose 0 = -5*j - 3*x + 81, 4*j + 4*x - 75 = 5*x. Let z = j - 7. Let y = z + -2. List the prime factors of y.
3
Suppose -136 = -y - 43. Suppose -6*l + 9*l - y = 0. What are the prime factors of l?
31
Suppose -9*s + 2750 = -4*s. Let p = s - 376. List the prime factors of p.
2, 3, 29
Suppose p - 3 = -7, -4*k - 4*p + 2216 = 0. What are the prime factors of k?
2, 3, 31
Let u = 22 + -16. Suppose 0 = 3*w - 15 + u. Suppose 5*v = -z + 5*z - 173, 0 = 4*z + w*v - 133. What are the prime factors of z?
37
Suppose 13*u - 890 = 7651. List the prime factors of u.
3, 73
Let l be ((-33)/2)/(9/54). Let j = 162 + l. Suppose 5*b = -n + j, -4*n - n + 175 = -3*b. List the prime factors of n.
2, 19
Suppose 0 = 5*l + 3*i - 183, i - 12 = 4*i. What are the prime factors of l?
3, 13
Let g be 12/4 - 3 - (-4 + 4). Let f(c) be the first derivative of c**2/2 + 2*c - 1. What are the prime factors of f(g)?
2
Suppose 11*n = -n + 60. List the prime factors of 32/(-80) - (-402)/n.
2, 5
List the prime factors of 25/2 + (2 - 21/14).
13
Suppose -5*f = -3*x - 10981 + 555, -f = 5*x - 2102. List the prime factors of f.
2087
Let i = 43 - 39. Suppose 0 = i*z + 32 - 100. List the prime factors of z.
17
Let p = -1331 - -911. Let z = -292 - p. List the prime factors of z.
2
Let m be (-51)/(-21) + 15/(-35). Suppose -m*k - 102 = 4*k. Let p = k - -49. What are the prime factors of p?
2
Suppose -5*g - 5*l + 3775 = 0, -3*l + 2166 = 5*g - 1611. List the prime factors of g.
2, 3, 7
Suppose 6588 = -10*q + 22*q. List the prime factors of q.
3, 61
Let n be ((-10)/(-6))/(8/24). Suppose -j - n*k = -3*j + 250, -4*k = 3*j - 352. What are the prime factors of j?
2, 3, 5
Let q(b) = b. Let t be q(-7). Let u = t - -12. Suppose -2*y - 113 = -u*n, 0 = 2*n - 5*y + 2*y - 43. What are the prime factors of n?
23
Suppose -64 = 5*g - 2*l - 162, -80 = -4*g + 2*l. Let m = 63 - g. List the prime factors of m.
3, 5
List the prime factors of (-228 - 1)/(-3 - -3 - 1).
229
Let w be (-17)/(-5) - (-6)/20*2. Suppose -w*i = 68 - 564. List the prime factors of i.
2, 31
Let g = -1766 + 2477. What are the prime factors of g?
3, 79
Suppose -4*x - 58 = -6*v + v, -2*x = 5*v - 46. Suppose -j + v = -13. Suppose -h = -2 - j. List the prime factors of h.
5
Let o(b) = b**3 + b**2 + 2*b + 29. Suppose 0*t = m + 4*t + 6, -12 = -5*m + t. Suppose r = -m*r. List the prime factors of o(r).
29
Let t(d) = -6*d - 16. Let u = -34 + 28. What are the prime factors of t(u)?
2, 5
Let i(x) = 10*x**2 - 7*x + 108. List the prime factors of i(-14).
2, 3, 19
Suppose -23*n + 4195 = -83. List the prime factors of n.
2, 3, 31
Let z = 515 - -34. What are the prime factors of z?
3, 61
Suppose 0*q + 2*q - 5*n = 1311, 2*q + 4*n = 1302. List the prime factors of q.
653
Let v = 512 + -204. List the prime factors of v.
2, 7, 11
Let w = 31 - 30. Let z(g) = 3*g + 1. Let t be z(w). Suppose -20 = -t*j, j + 71 = v + v. What are the prime factors of v?
2, 19
Suppose -4*n - 12 = -f + 2*f, -6 = 3*f + 2*n. Suppose -6*x + 11*x - 5*y - 1135 = f, x - 229 = 3*y. List the prime factors of x.
2, 113
Suppose a + 5*v = -2*a + 56, v + 16 = a. Let k = a - 0. Suppose 5*o - 56 = -2*z - 0*o, z = 3*o + k. What are the prime factors of z?
23
Suppose -4*u - 28 = 2*s - 4*s, -5*s + 3*u + 84 = 0. List the prime factors of 106/4*s/9.
53
Let f(p) = p - 5 + 4 - p**3 - 8 - 7*p**2. List the prime factors of f(-8).
47
Let m be 6 + -2 + (-1 - -34). Suppose -3*l = 4*c - 47, 3*l - m = l + 3*c. Suppose -5*t + l + 113 = 0. List the prime factors of t.
2, 13
Suppose -233 = -6*z + 157. Suppose 0 = -5*p + o - 2*o + 344, p + 4*o = z. What are the prime factors of p?
3, 23
Let b(k) = 36*k**2 + 15*k + 52. List the prime factors of b(-5).
877
Suppose 5*f = -3*s, 0*f = -5*f - s. Let k = f + 3. What are the prime factors of k?
3
Let p = -27 - -33. List the prime factors of 16/(-12) - (-818)/p.
3, 5
Let b = 123 + 675. What are the prime factors of b?
2, 3, 7, 19
Suppose 5*n = 3*a + 7820, 5*a = -n + 5*n - 6256. List the prime factors of n.
2, 17, 23
List the prime factors of 3177/6 - 15/(-6).
2, 7, 19
List the prime factors of (-3)/(-10) - (-1139336)/880.
5, 7, 37
Suppose -4*u + 409 = -t, -4*t + 28 + 70 = u. Let k = -71 + u. List the prime factors of k.
31
Suppose 2*x + 1486 = 8*d - 4*d, -2*x = -d + 364. What are the prime factors of d?
2, 11, 17
Let r(f) = 40*f - 886. What are the prime factors of r(68)?
2, 7, 131
Suppose -327 - 1488 = -11*r. What are the prime factors of r?
3, 5, 11
L